{"id":423,"date":"2025-02-05T15:31:30","date_gmt":"2025-02-05T18:31:30","guid":{"rendered":"https:\/\/ibpteo.com.br\/?page_id=423"},"modified":"2025-02-17T15:03:17","modified_gmt":"2025-02-17T18:03:17","slug":"ciclo-iii","status":"publish","type":"page","link":"https:\/\/ibpteo.com.br\/index.php\/ciclo-iii\/","title":{"rendered":"Ciclo-III"},"content":{"rendered":"\t\t<div data-elementor-type=\"wp-page\" data-elementor-id=\"423\" class=\"elementor elementor-423\">\n\t\t\t\t\t\t<section class=\"elementor-section elementor-top-section elementor-element elementor-element-3566aec elementor-section-boxed elementor-section-height-default elementor-section-height-default\" data-id=\"3566aec\" data-element_type=\"section\">\n\t\t\t\t\t\t<div class=\"elementor-container elementor-column-gap-default\">\n\t\t\t\t\t<div class=\"elementor-column elementor-col-100 elementor-top-column elementor-element elementor-element-9085fb2\" data-id=\"9085fb2\" data-element_type=\"column\">\n\t\t\t<div class=\"elementor-widget-wrap elementor-element-populated\">\n\t\t\t\t\t\t<div class=\"elementor-element elementor-element-634ab78 elementor-widget-divider--view-line elementor-widget elementor-widget-divider\" data-id=\"634ab78\" data-element_type=\"widget\" data-widget_type=\"divider.default\">\n\t\t\t\t<div class=\"elementor-widget-container\">\n\t\t\t\t\t\t\t<div class=\"elementor-divider\">\n\t\t\t<span class=\"elementor-divider-separator\">\n\t\t\t\t\t\t<\/span>\n\t\t<\/div>\n\t\t\t\t\t\t<\/div>\n\t\t\t\t<\/div>\n\t\t\t\t\t<\/div>\n\t\t<\/div>\n\t\t\t\t\t<\/div>\n\t\t<\/section>\n\t\t\t\t<section class=\"elementor-section elementor-top-section elementor-element elementor-element-e49d726 elementor-section-boxed elementor-section-height-default elementor-section-height-default\" data-id=\"e49d726\" data-element_type=\"section\">\n\t\t\t\t\t\t<div class=\"elementor-container elementor-column-gap-default\">\n\t\t\t\t\t<div class=\"elementor-column elementor-col-100 elementor-top-column elementor-element elementor-element-ef0fd26\" data-id=\"ef0fd26\" data-element_type=\"column\" data-settings=\"{&quot;background_background&quot;:&quot;gradient&quot;}\">\n\t\t\t<div class=\"elementor-widget-wrap elementor-element-populated\">\n\t\t\t\t\t\t<div class=\"elementor-element elementor-element-330d823 elementor-widget elementor-widget-image\" data-id=\"330d823\" data-element_type=\"widget\" data-widget_type=\"image.default\">\n\t\t\t\t<div class=\"elementor-widget-container\">\n\t\t\t\t\t\t\t\t\t\t\t\t\t\t\t<img fetchpriority=\"high\" decoding=\"async\" width=\"326\" height=\"300\" src=\"https:\/\/ibpteo.com.br\/wp-content\/uploads\/2025\/01\/CICLO3.png\" class=\"attachment-large size-large wp-image-243\" alt=\"\" srcset=\"https:\/\/ibpteo.com.br\/wp-content\/uploads\/2025\/01\/CICLO3.png 326w, https:\/\/ibpteo.com.br\/wp-content\/uploads\/2025\/01\/CICLO3-300x276.png 300w\" sizes=\"(max-width: 326px) 100vw, 326px\" \/>\t\t\t\t\t\t\t\t\t\t\t\t\t\t\t<\/div>\n\t\t\t\t<\/div>\n\t\t\t\t<div class=\"elementor-element elementor-element-5b80b6a elementor-view-default elementor-widget elementor-widget-icon\" data-id=\"5b80b6a\" data-element_type=\"widget\" data-widget_type=\"icon.default\">\n\t\t\t\t<div class=\"elementor-widget-container\">\n\t\t\t\t\t\t\t<div class=\"elementor-icon-wrapper\">\n\t\t\t<div class=\"elementor-icon\">\n\t\t\t<i aria-hidden=\"true\" class=\"fas fa-book-reader\"><\/i>\t\t\t<\/div>\n\t\t<\/div>\n\t\t\t\t\t\t<\/div>\n\t\t\t\t<\/div>\n\t\t\t\t<div class=\"elementor-element elementor-element-0368456 elementor-widget elementor-widget-heading\" data-id=\"0368456\" data-element_type=\"widget\" data-widget_type=\"heading.default\">\n\t\t\t\t<div class=\"elementor-widget-container\">\n\t\t\t\t\t<h2 class=\"elementor-heading-title elementor-size-default\">CICLO III<\/h2>\t\t\t\t<\/div>\n\t\t\t\t<\/div>\n\t\t\t\t<div class=\"elementor-element elementor-element-efe6916 elementor-widget elementor-widget-text-editor\" data-id=\"efe6916\" data-element_type=\"widget\" data-widget_type=\"text-editor.default\">\n\t\t\t\t<div class=\"elementor-widget-container\">\n\t\t\t\t\t\t\t\t\t<h6>Curso Avan\u00e7ado &#8211; Dura\u00e7\u00e3o de 2 anos<\/h6>\t\t\t\t\t\t\t\t<\/div>\n\t\t\t\t<\/div>\n\t\t\t\t<div class=\"elementor-element elementor-element-f9c21a2 elementor-widget__width-initial elementor-widget elementor-widget-text-editor\" data-id=\"f9c21a2\" data-element_type=\"widget\" data-widget_type=\"text-editor.default\">\n\t\t\t\t<div class=\"elementor-widget-container\">\n\t\t\t\t\t\t\t\t\t<table width=\"973\"><tbody><tr><td width=\"973\"><p>Ementa do Ciclo III<\/p><\/td><\/tr><\/tbody><\/table><table><tbody><tr><td width=\"73\"><p>33<\/p><\/td><td width=\"93\"><p>\u00a0<\/p><\/td><td width=\"197\"><p>L\u00cdNGUA PORTUGUESA<\/p><\/td><td width=\"607\"><p>A L\u00edngua Portuguesa como fonte de comunica\u00e7\u00e3o oral e escrita. A linguagem falada e escrita, em seus diversos n\u00edveis de linguagem, proporcionando habilidades lingu\u00edsticas de produ\u00e7\u00e3o textual oral e escrita. Formas e fun\u00e7\u00f5es. Sintaxe. Elementos textuais. Produ\u00e7\u00e3o de texto e par\u00e1frase.<\/p><\/td><\/tr><tr><td width=\"73\"><p>34<\/p><\/td><td width=\"93\"><p>\u00a0<\/p><\/td><td width=\"197\"><p>ANTIGO TESTAMENTO III<\/p><\/td><td width=\"607\"><p>O Antigo Testamento III pretende oportunizar um conhecimento anal\u00edtico e cr\u00edtico, capacitando o aluno a compet\u00eancia de pesquisar, interpretar e compreender o Antigo Testamento de forma panor\u00e2mica, linear e reflexiva. Oferecer ao aluno conhecimento, recursos e ferramentas introdut\u00f3rias para os estudos dos Livros Prof\u00e9ticos.<\/p><\/td><\/tr><tr><td width=\"73\"><p>35<\/p><\/td><td width=\"93\"><p>\u00a0<\/p><\/td><td width=\"197\"><p>NOVO TESTAMENTO II<\/p><\/td><td width=\"607\"><p>O Novo Testamento II pretende oportunizar um conhecimento anal\u00edtico e cr\u00edtico, capacitando o aluno a compet\u00eancia de pesquisar, interpretar e compreender o Novo Testamento de forma panor\u00e2mica, linear e reflexiva. Oferecer ao aluno conhecimento, recursos e ferramentas introdut\u00f3rias para os estudos das Ep\u00edstolas Paulinas, Gerais e o Livro de Apocalipse.<\/p><\/td><\/tr><tr><td width=\"73\"><p>36<\/p><\/td><td width=\"93\"><p>\u00a0<\/p><\/td><td width=\"197\"><p>GREGO I<\/p><\/td><td width=\"607\"><p>Sistema Verbal Grego e Declina\u00e7\u00f5es<\/p><\/td><\/tr><tr><td width=\"73\"><p>37<\/p><\/td><td width=\"93\"><p>\u00a0<\/p><\/td><td width=\"197\"><p>FILOSOFIA GERAL<\/p><\/td><td width=\"607\"><p>Introdu\u00e7\u00e3o geral \u00e0 problem\u00e1tica filos\u00f3fica. Objeto da Filosofia. Tem\u00e1ticas filos\u00f3ficas espec\u00edficas como: ser, conhecimento, pr\u00e1xis, liberdade, homem, mundo. A reflex\u00e3o filos\u00f3fica e a rela\u00e7\u00e3o entre Ci\u00eancia, verdade e m\u00e9todo. Introdu\u00e7\u00e3o \u00e0 Filosofia. L\u00f3gica. Epistemologia. Antropologia. Metaf\u00edsica.<\/p><\/td><\/tr><tr><td width=\"73\"><p>38<\/p><\/td><td width=\"93\"><p>\u00a0<\/p><\/td><td width=\"197\"><p>HEBRAICO I<\/p><\/td><td width=\"607\"><p>Compreender como o Antigo Testamento foi escrito na sua l\u00edngua original. Formas, significados de pontua\u00e7\u00e3o. Sistema Verbal Hebraico. As formas do incompleto e a pr\u00e1tica de leitura e tradu\u00e7\u00e3o.<\/p><\/td><\/tr><tr><td width=\"73\"><p>39<\/p><\/td><td width=\"93\"><p>\u00a0<\/p><\/td><td width=\"197\"><p>HERMEN\u00caUTICA AVAN\u00c7ADA<\/p><\/td><td width=\"607\"><p>Compreender que a utiliza\u00e7\u00e3o da hermen\u00eautica \u00e9 uma ferramenta fundamental na interpreta\u00e7\u00e3o dos textos sagrados. Introdu\u00e7\u00e3o \u00e0 Hermen\u00eautica. A Necessidade de Interpreta\u00e7\u00e3o. Vocabul\u00e1rio Hermen\u00eautico. Hist\u00f3ria da Interpreta\u00e7\u00e3o. O Esp\u00edrito Santo e a Interpreta\u00e7\u00e3o B\u00edblica. M\u00e9todos de Estudos B\u00edblicos. A Exegese e a Prega\u00e7\u00e3o.<\/p><\/td><\/tr><tr><td width=\"73\"><p>40<\/p><\/td><td width=\"93\"><p>\u00a0<\/p><\/td><td width=\"197\"><p>METODOLOLIA DE PESQUISA CIENT\u00cdFICA<\/p><\/td><td width=\"607\"><p>Metodologia da Pesquisa Cientifica \u2013 Introdu\u00e7\u00e3o da Filosofia da Ci\u00eancia, S\u00f3crates, Ren\u00e9 Descartes, Augusto Comte, Karl Popper e Thomas Khun. Elabora\u00e7\u00e3o e projetos de pesquisa. Coleta, an\u00e1lise e tratamento dos dados em pesquisa quantitativa. Elabora\u00e7\u00e3o do relat\u00f3rio da pesquisa para publica\u00e7\u00e3o. Coleta, an\u00e1lise e tratamento dos dados em pesquisa qualitativa: an\u00e1lise de conte\u00fado, pesquisa a\u00e7\u00e3o e pesquisa participante. Estas disciplinas ser\u00e3o cursadas em Grupos de Pesquisas oferecidas pelas Linhas de Pesquisas existentes na Unidade como atividade programa de Inicia\u00e7\u00e3o Cient\u00edfica<\/p><\/td><\/tr><tr><td width=\"73\"><p>41<\/p><\/td><td width=\"93\"><p>\u00a0<\/p><\/td><td width=\"197\"><p>TEOLOGIA SISTEM\u00c1TICA III<\/p><\/td><td width=\"607\"><p>An\u00e1lise b\u00edblica que permiti ao aluno interagir com os conte\u00fados como fonte de saber e entender a profundidade de uma forma\u00e7\u00e3o teol\u00f3gica e sua contribui\u00e7\u00e3o da Pneumatologia, A Doutrina dos Anjos e Escatologia B\u00edblica.<\/p><\/td><\/tr><tr><td width=\"73\"><p>42<\/p><\/td><td width=\"93\"><p>\u00a0<\/p><\/td><td width=\"197\"><p>LOUVOR E ADORA\u00c7\u00c3O<\/p><\/td><td width=\"607\"><p>Compreender as mais diversas quest\u00f5es relativas a Liturgia e a Culto, em especial no que diz ao louvor e a adora\u00e7\u00e3o, tendo como pano de fundo o Antigo Testamento e o Novo Testamento.<\/p><\/td><\/tr><tr><td width=\"73\"><p>43<\/p><\/td><td width=\"93\"><p>\u00a0<\/p><\/td><td width=\"197\"><p>GREGO II<\/p><\/td><td width=\"607\"><p>Fon\u00e9tica, Morfologia, Sintaxe Fundamental. Composi\u00e7\u00e3o de Palavras. Pratica De Vers\u00e3o e Tradu\u00e7\u00e3o. Leitura, e Tradu\u00e7\u00e3o e Coment\u00e1rios. Liturgia e Culto. Liturgia e Adora\u00e7\u00e3o em o Novo Testamento. Culto Crist\u00e3o. Repert\u00f3rio.<\/p><\/td><\/tr><tr><td width=\"73\"><p>44<\/p><\/td><td width=\"93\"><p>\u00a0<\/p><\/td><td width=\"197\"><p>HEBRAICO II<\/p><\/td><td width=\"607\"><p>Compreender como o Antigo Testamento foi escrito na sua l\u00edngua original. Formas, significados de pontua\u00e7\u00e3o. Sistema Verbal Hebraico. As formas do incompleto e a pr\u00e1tica de leitura e tradu\u00e7\u00e3o. Part\u00edculas de Interroga\u00e7\u00e3o. Incompleto.<\/p><\/td><\/tr><\/tbody><\/table><p>\u00a0<\/p>\t\t\t\t\t\t\t\t<\/div>\n\t\t\t\t<\/div>\n\t\t\t\t\t<\/div>\n\t\t<\/div>\n\t\t\t\t\t<\/div>\n\t\t<\/section>\n\t\t\t\t<section class=\"elementor-section elementor-top-section elementor-element elementor-element-3bea1db elementor-section-boxed elementor-section-height-default elementor-section-height-default\" data-id=\"3bea1db\" data-element_type=\"section\">\n\t\t\t\t\t\t<div class=\"elementor-container elementor-column-gap-default\">\n\t\t\t\t\t<div class=\"elementor-column elementor-col-100 elementor-top-column elementor-element elementor-element-53d9a02\" data-id=\"53d9a02\" data-element_type=\"column\">\n\t\t\t<div class=\"elementor-widget-wrap\">\n\t\t\t\t\t\t\t<\/div>\n\t\t<\/div>\n\t\t\t\t\t<\/div>\n\t\t<\/section>\n\t\t\t\t<section class=\"elementor-section elementor-top-section elementor-element elementor-element-7b63056 elementor-section-boxed elementor-section-height-default elementor-section-height-default\" data-id=\"7b63056\" data-element_type=\"section\">\n\t\t\t\t\t\t<div class=\"elementor-container elementor-column-gap-default\">\n\t\t\t\t\t<div class=\"elementor-column elementor-col-100 elementor-top-column elementor-element elementor-element-763db1d\" data-id=\"763db1d\" data-element_type=\"column\" data-settings=\"{&quot;background_background&quot;:&quot;classic&quot;}\">\n\t\t\t<div class=\"elementor-widget-wrap elementor-element-populated\">\n\t\t\t\t\t\t<div class=\"elementor-element elementor-element-aca84f2 elementor-widget elementor-widget-heading\" data-id=\"aca84f2\" data-element_type=\"widget\" data-widget_type=\"heading.default\">\n\t\t\t\t<div class=\"elementor-widget-container\">\n\t\t\t\t\t<h2 class=\"elementor-heading-title elementor-size-default\">Clique abaixo e confira outros crusos<\/h2>\t\t\t\t<\/div>\n\t\t\t\t<\/div>\n\t\t\t\t\t<\/div>\n\t\t<\/div>\n\t\t\t\t\t<\/div>\n\t\t<\/section>\n\t\t\t\t<section class=\"elementor-section elementor-top-section elementor-element elementor-element-1581472 elementor-section-boxed elementor-section-height-default elementor-section-height-default\" data-id=\"1581472\" data-element_type=\"section\">\n\t\t\t\t\t\t<div class=\"elementor-container elementor-column-gap-default\">\n\t\t\t\t\t<div class=\"elementor-column elementor-col-25 elementor-top-column elementor-element elementor-element-4e400071\" data-id=\"4e400071\" data-element_type=\"column\" data-settings=\"{&quot;background_background&quot;:&quot;gradient&quot;}\">\n\t\t\t<div class=\"elementor-widget-wrap elementor-element-populated\">\n\t\t\t\t\t\t<div class=\"elementor-element elementor-element-3761cba2 elementor-view-default elementor-widget elementor-widget-icon\" data-id=\"3761cba2\" data-element_type=\"widget\" data-widget_type=\"icon.default\">\n\t\t\t\t<div class=\"elementor-widget-container\">\n\t\t\t\t\t\t\t<div class=\"elementor-icon-wrapper\">\n\t\t\t<div class=\"elementor-icon\">\n\t\t\t<i aria-hidden=\"true\" class=\"fas fa-book-reader\"><\/i>\t\t\t<\/div>\n\t\t<\/div>\n\t\t\t\t\t\t<\/div>\n\t\t\t\t<\/div>\n\t\t\t\t<div class=\"elementor-element elementor-element-1149be4f elementor-widget elementor-widget-heading\" data-id=\"1149be4f\" data-element_type=\"widget\" data-widget_type=\"heading.default\">\n\t\t\t\t<div class=\"elementor-widget-container\">\n\t\t\t\t\t<h2 class=\"elementor-heading-title elementor-size-default\">CICLO I<\/h2>\t\t\t\t<\/div>\n\t\t\t\t<\/div>\n\t\t\t\t<div class=\"elementor-element elementor-element-2044b59b elementor-widget elementor-widget-text-editor\" data-id=\"2044b59b\" data-element_type=\"widget\" data-widget_type=\"text-editor.default\">\n\t\t\t\t<div class=\"elementor-widget-container\">\n\t\t\t\t\t\t\t\t\t<p>Curso B\u00e1sico<\/p><p>Dura\u00e7\u00e3o de 2 anos<\/p>\t\t\t\t\t\t\t\t<\/div>\n\t\t\t\t<\/div>\n\t\t\t\t<div class=\"elementor-element elementor-element-376083b elementor-align-center elementor-invisible elementor-widget elementor-widget-button\" data-id=\"376083b\" data-element_type=\"widget\" data-settings=\"{&quot;_animation&quot;:&quot;fadeIn&quot;}\" data-widget_type=\"button.default\">\n\t\t\t\t<div class=\"elementor-widget-container\">\n\t\t\t\t\t\t\t\t\t<div class=\"elementor-button-wrapper\">\n\t\t\t\t\t<a class=\"elementor-button elementor-button-link elementor-size-sm\" href=\"#\">\n\t\t\t\t\t\t<span class=\"elementor-button-content-wrapper\">\n\t\t\t\t\t\t\t\t\t<span class=\"elementor-button-text\">Clique<\/span>\n\t\t\t\t\t<\/span>\n\t\t\t\t\t<\/a>\n\t\t\t\t<\/div>\n\t\t\t\t\t\t\t\t<\/div>\n\t\t\t\t<\/div>\n\t\t\t\t\t<\/div>\n\t\t<\/div>\n\t\t\t\t<div class=\"elementor-column elementor-col-25 elementor-top-column elementor-element elementor-element-cb6f4f9\" data-id=\"cb6f4f9\" data-element_type=\"column\" data-settings=\"{&quot;background_background&quot;:&quot;gradient&quot;}\">\n\t\t\t<div class=\"elementor-widget-wrap elementor-element-populated\">\n\t\t\t\t\t\t<div class=\"elementor-element elementor-element-e21068a elementor-view-default elementor-widget elementor-widget-icon\" data-id=\"e21068a\" data-element_type=\"widget\" data-widget_type=\"icon.default\">\n\t\t\t\t<div class=\"elementor-widget-container\">\n\t\t\t\t\t\t\t<div class=\"elementor-icon-wrapper\">\n\t\t\t<div class=\"elementor-icon\">\n\t\t\t<i aria-hidden=\"true\" class=\"fas fa-book-reader\"><\/i>\t\t\t<\/div>\n\t\t<\/div>\n\t\t\t\t\t\t<\/div>\n\t\t\t\t<\/div>\n\t\t\t\t<div class=\"elementor-element elementor-element-c351d9d elementor-widget elementor-widget-heading\" data-id=\"c351d9d\" data-element_type=\"widget\" data-widget_type=\"heading.default\">\n\t\t\t\t<div class=\"elementor-widget-container\">\n\t\t\t\t\t<h2 class=\"elementor-heading-title elementor-size-default\">CICLO II<\/h2>\t\t\t\t<\/div>\n\t\t\t\t<\/div>\n\t\t\t\t<div class=\"elementor-element elementor-element-b334c92 elementor-widget elementor-widget-text-editor\" data-id=\"b334c92\" data-element_type=\"widget\" data-widget_type=\"text-editor.default\">\n\t\t\t\t<div class=\"elementor-widget-container\">\n\t\t\t\t\t\t\t\t\t<p>Curso M\u00e9dio<\/p><p>Dura\u00e7\u00e3o de 2 anos<\/p>\t\t\t\t\t\t\t\t<\/div>\n\t\t\t\t<\/div>\n\t\t\t\t<div class=\"elementor-element elementor-element-2f809bc elementor-align-center elementor-invisible elementor-widget elementor-widget-button\" data-id=\"2f809bc\" data-element_type=\"widget\" data-settings=\"{&quot;_animation&quot;:&quot;fadeIn&quot;}\" data-widget_type=\"button.default\">\n\t\t\t\t<div class=\"elementor-widget-container\">\n\t\t\t\t\t\t\t\t\t<div class=\"elementor-button-wrapper\">\n\t\t\t\t\t<a class=\"elementor-button elementor-button-link elementor-size-sm\" href=\"#\">\n\t\t\t\t\t\t<span class=\"elementor-button-content-wrapper\">\n\t\t\t\t\t\t\t\t\t<span class=\"elementor-button-text\">Clique<\/span>\n\t\t\t\t\t<\/span>\n\t\t\t\t\t<\/a>\n\t\t\t\t<\/div>\n\t\t\t\t\t\t\t\t<\/div>\n\t\t\t\t<\/div>\n\t\t\t\t\t<\/div>\n\t\t<\/div>\n\t\t\t\t<div class=\"elementor-column elementor-col-25 elementor-top-column elementor-element elementor-element-aaa82ae\" data-id=\"aaa82ae\" data-element_type=\"column\" data-settings=\"{&quot;background_background&quot;:&quot;gradient&quot;}\">\n\t\t\t<div class=\"elementor-widget-wrap elementor-element-populated\">\n\t\t\t\t\t\t<div class=\"elementor-element elementor-element-bce951a elementor-view-default elementor-widget elementor-widget-icon\" data-id=\"bce951a\" data-element_type=\"widget\" data-widget_type=\"icon.default\">\n\t\t\t\t<div class=\"elementor-widget-container\">\n\t\t\t\t\t\t\t<div class=\"elementor-icon-wrapper\">\n\t\t\t<div class=\"elementor-icon\">\n\t\t\t<i aria-hidden=\"true\" class=\"fas fa-book-reader\"><\/i>\t\t\t<\/div>\n\t\t<\/div>\n\t\t\t\t\t\t<\/div>\n\t\t\t\t<\/div>\n\t\t\t\t<div class=\"elementor-element elementor-element-19abac1 elementor-widget elementor-widget-heading\" data-id=\"19abac1\" data-element_type=\"widget\" data-widget_type=\"heading.default\">\n\t\t\t\t<div class=\"elementor-widget-container\">\n\t\t\t\t\t<h2 class=\"elementor-heading-title elementor-size-default\">CFO<\/h2>\t\t\t\t<\/div>\n\t\t\t\t<\/div>\n\t\t\t\t<div class=\"elementor-element elementor-element-1c48e37 elementor-widget elementor-widget-text-editor\" data-id=\"1c48e37\" data-element_type=\"widget\" data-widget_type=\"text-editor.default\">\n\t\t\t\t<div class=\"elementor-widget-container\">\n\t\t\t\t\t\t\t\t\t<h5 class=\"elementor-heading-title elementor-size-default\">Forma\u00e7\u00e3o de obreiro<\/h5><p>Dura\u00e7\u00e3o de 4 meses<\/p>\t\t\t\t\t\t\t\t<\/div>\n\t\t\t\t<\/div>\n\t\t\t\t<div class=\"elementor-element elementor-element-8e40479 elementor-align-center elementor-invisible elementor-widget elementor-widget-button\" data-id=\"8e40479\" data-element_type=\"widget\" data-settings=\"{&quot;_animation&quot;:&quot;fadeIn&quot;}\" data-widget_type=\"button.default\">\n\t\t\t\t<div class=\"elementor-widget-container\">\n\t\t\t\t\t\t\t\t\t<div class=\"elementor-button-wrapper\">\n\t\t\t\t\t<a class=\"elementor-button elementor-button-link elementor-size-sm\" href=\"#\">\n\t\t\t\t\t\t<span class=\"elementor-button-content-wrapper\">\n\t\t\t\t\t\t\t\t\t<span class=\"elementor-button-text\">Clique<\/span>\n\t\t\t\t\t<\/span>\n\t\t\t\t\t<\/a>\n\t\t\t\t<\/div>\n\t\t\t\t\t\t\t\t<\/div>\n\t\t\t\t<\/div>\n\t\t\t\t\t<\/div>\n\t\t<\/div>\n\t\t\t\t<div class=\"elementor-column elementor-col-25 elementor-top-column elementor-element elementor-element-6630559\" data-id=\"6630559\" data-element_type=\"column\" data-settings=\"{&quot;background_background&quot;:&quot;gradient&quot;}\">\n\t\t\t<div class=\"elementor-widget-wrap elementor-element-populated\">\n\t\t\t\t\t\t<div class=\"elementor-element elementor-element-65d09f6 elementor-view-default elementor-widget elementor-widget-icon\" data-id=\"65d09f6\" data-element_type=\"widget\" data-widget_type=\"icon.default\">\n\t\t\t\t<div class=\"elementor-widget-container\">\n\t\t\t\t\t\t\t<div class=\"elementor-icon-wrapper\">\n\t\t\t<div class=\"elementor-icon\">\n\t\t\t<i aria-hidden=\"true\" class=\"fas fa-book-reader\"><\/i>\t\t\t<\/div>\n\t\t<\/div>\n\t\t\t\t\t\t<\/div>\n\t\t\t\t<\/div>\n\t\t\t\t<div class=\"elementor-element elementor-element-071ca00 elementor-widget elementor-widget-heading\" data-id=\"071ca00\" data-element_type=\"widget\" data-widget_type=\"heading.default\">\n\t\t\t\t<div class=\"elementor-widget-container\">\n\t\t\t\t\t<h2 class=\"elementor-heading-title elementor-size-default\">TALITA<\/h2>\t\t\t\t<\/div>\n\t\t\t\t<\/div>\n\t\t\t\t<div class=\"elementor-element elementor-element-9223a3e elementor-widget elementor-widget-text-editor\" data-id=\"9223a3e\" data-element_type=\"widget\" data-widget_type=\"text-editor.default\">\n\t\t\t\t<div class=\"elementor-widget-container\">\n\t\t\t\t\t\t\t\t\t<h5 class=\"elementor-heading-title elementor-size-default\">Educador Infantil<\/h5><p>Dura\u00e7\u00e3o de 4 meses<\/p>\t\t\t\t\t\t\t\t<\/div>\n\t\t\t\t<\/div>\n\t\t\t\t<div class=\"elementor-element elementor-element-1334228 elementor-align-center elementor-invisible elementor-widget elementor-widget-button\" data-id=\"1334228\" data-element_type=\"widget\" data-settings=\"{&quot;_animation&quot;:&quot;fadeIn&quot;}\" data-widget_type=\"button.default\">\n\t\t\t\t<div class=\"elementor-widget-container\">\n\t\t\t\t\t\t\t\t\t<div class=\"elementor-button-wrapper\">\n\t\t\t\t\t<a class=\"elementor-button elementor-button-link elementor-size-sm\" href=\"#\">\n\t\t\t\t\t\t<span class=\"elementor-button-content-wrapper\">\n\t\t\t\t\t\t\t\t\t<span class=\"elementor-button-text\">Clique<\/span>\n\t\t\t\t\t<\/span>\n\t\t\t\t\t<\/a>\n\t\t\t\t<\/div>\n\t\t\t\t\t\t\t\t<\/div>\n\t\t\t\t<\/div>\n\t\t\t\t\t<\/div>\n\t\t<\/div>\n\t\t\t\t\t<\/div>\n\t\t<\/section>\n\t\t\t\t<\/div>\n\t\t","protected":false},"excerpt":{"rendered":"<p>CICLO III Curso Avan\u00e7ado &#8211; Dura\u00e7\u00e3o de 2 anos Ementa do Ciclo III 33 \u00a0 L\u00cdNGUA PORTUGUESA A L\u00edngua Portuguesa como fonte de comunica\u00e7\u00e3o oral e escrita. A linguagem falada e escrita, em seus diversos n\u00edveis de linguagem, proporcionando habilidades&#8230; <a class=\"di-continue-reading\" href=\"https:\/\/ibpteo.com.br\/index.php\/ciclo-iii\/\"> Continue Reading&#8230;<\/a><\/p>\n","protected":false},"author":1,"featured_media":0,"parent":0,"menu_order":0,"comment_status":"closed","ping_status":"closed","template":"elementor_theme","meta":{"footnotes":""},"class_list":["post-423","page","type-page","status-publish","hentry"],"_links":{"self":[{"href":"https:\/\/ibpteo.com.br\/index.php\/wp-json\/wp\/v2\/pages\/423","targetHints":{"allow":["GET"]}}],"collection":[{"href":"https:\/\/ibpteo.com.br\/index.php\/wp-json\/wp\/v2\/pages"}],"about":[{"href":"https:\/\/ibpteo.com.br\/index.php\/wp-json\/wp\/v2\/types\/page"}],"author":[{"embeddable":true,"href":"https:\/\/ibpteo.com.br\/index.php\/wp-json\/wp\/v2\/users\/1"}],"replies":[{"embeddable":true,"href":"https:\/\/ibpteo.com.br\/index.php\/wp-json\/wp\/v2\/comments?post=423"}],"version-history":[{"count":13,"href":"https:\/\/ibpteo.com.br\/index.php\/wp-json\/wp\/v2\/pages\/423\/revisions"}],"predecessor-version":[{"id":532,"href":"https:\/\/ibpteo.com.br\/index.php\/wp-json\/wp\/v2\/pages\/423\/revisions\/532"}],"wp:attachment":[{"href":"https:\/\/ibpteo.com.br\/index.php\/wp-json\/wp\/v2\/media?parent=423"}],"curies":[{"name":"wp","href":"https:\/\/api.w.org\/{rel}","templated":true}]}}